 {"id":1617,"date":"2018-11-27T09:10:08","date_gmt":"2018-11-27T09:10:08","guid":{"rendered":"https:\/\/servitotal.com\/costarica\/?page_id=1617"},"modified":"2025-06-26T17:14:13","modified_gmt":"2025-06-26T15:14:13","slug":"home-technology","status":"publish","type":"page","link":"https:\/\/servitotal.com\/costarica\/","title":{"rendered":"INICIO"},"content":{"rendered":"\t\t<div data-elementor-type=\"wp-post\" data-elementor-id=\"1617\" class=\"elementor elementor-1617\" data-elementor-post-type=\"page\">\n\t\t\t\t\t\t<section class=\"elementor-section elementor-top-section elementor-element elementor-element-714e223 elementor-hidden-phone elementor-section-boxed elementor-section-height-default elementor-section-height-default\" data-id=\"714e223\" data-element_type=\"section\" data-e-type=\"section\">\n\t\t\t\t\t\t<div class=\"elementor-container elementor-column-gap-default\">\n\t\t\t\t\t<div class=\"elementor-column elementor-col-100 elementor-top-column elementor-element elementor-element-9854956\" data-id=\"9854956\" data-element_type=\"column\" data-e-type=\"column\">\n\t\t\t<div class=\"elementor-widget-wrap elementor-element-populated\">\n\t\t\t\t\t\t\t<\/div>\n\t\t<\/div>\n\t\t\t\t\t<\/div>\n\t\t<\/section>\n\t\t\t\t<section class=\"elementor-section elementor-top-section elementor-element elementor-element-d903aa0 elementor-section-boxed elementor-section-height-default elementor-section-height-default\" data-id=\"d903aa0\" data-element_type=\"section\" data-e-type=\"section\" data-settings=\"{&quot;background_background&quot;:&quot;classic&quot;}\">\n\t\t\t\t\t\t<div class=\"elementor-container elementor-column-gap-default\">\n\t\t\t\t\t<div class=\"elementor-column elementor-col-100 elementor-top-column elementor-element elementor-element-26d1f92\" data-id=\"26d1f92\" data-element_type=\"column\" data-e-type=\"column\">\n\t\t\t<div class=\"elementor-widget-wrap elementor-element-populated\">\n\t\t\t\t\t\t<div class=\"elementor-element elementor-element-7e1f539 elementor-hidden-desktop elementor-widget elementor-widget-html\" data-id=\"7e1f539\" data-element_type=\"widget\" data-e-type=\"widget\" data-widget_type=\"html.default\">\n\t\t\t\t<div class=\"elementor-widget-container\">\n\t\t\t\t\t<form id=\"form-order-home\" action=\"https:\/\/servitotal.com\/costarica\/consulta-tu-orden\" method=\"get\">\n    <input type=\"text\" name=\"order_id\" id=\"order_id\" class=\"header-input\" placeholder=\"Ingresa tu n\u00famero de orden\">\n    <button type=\"submit\" class=\"fa fa-search\"><\/button>\n<\/form>\t\t\t\t<\/div>\n\t\t\t\t<\/div>\n\t\t\t\t<section class=\"elementor-section elementor-inner-section elementor-element elementor-element-2e6eae9 elementor-section-boxed elementor-section-height-default elementor-section-height-default\" data-id=\"2e6eae9\" data-element_type=\"section\" data-e-type=\"section\">\n\t\t\t\t\t\t<div class=\"elementor-container elementor-column-gap-default\">\n\t\t\t\t\t<div class=\"elementor-column elementor-col-50 elementor-inner-column elementor-element elementor-element-3308fb0\" data-id=\"3308fb0\" data-element_type=\"column\" data-e-type=\"column\">\n\t\t\t<div class=\"elementor-widget-wrap elementor-element-populated\">\n\t\t\t\t\t\t<div class=\"elementor-element elementor-element-04e18bf elementor-position-top elementor-widget elementor-widget-image-box\" data-id=\"04e18bf\" data-element_type=\"widget\" data-e-type=\"widget\" data-widget_type=\"image-box.default\">\n\t\t\t\t<div class=\"elementor-widget-container\">\n\t\t\t\t\t<div class=\"elementor-image-box-wrapper\"><figure class=\"elementor-image-box-img\"><a href=\"https:\/\/servitotal.com\/costarica\/solicita-tus-repuestos-originales\/\" tabindex=\"-1\"><img decoding=\"async\" width=\"105\" height=\"105\" src=\"https:\/\/servitotal.com\/costarica\/wp-content\/uploads\/sites\/14\/2019\/02\/item-2.png\" class=\"attachment-full size-full wp-image-4175\" alt=\"\" \/><\/a><\/figure><div class=\"elementor-image-box-content\"><h3 class=\"elementor-image-box-title\"><a href=\"https:\/\/servitotal.com\/costarica\/solicita-tus-repuestos-originales\/\">Encontr\u00e1 repuestos originales<\/a><\/h3><\/div><\/div>\t\t\t\t<\/div>\n\t\t\t\t<\/div>\n\t\t\t\t\t<\/div>\n\t\t<\/div>\n\t\t\t\t<div class=\"elementor-column elementor-col-50 elementor-inner-column elementor-element elementor-element-0689fe0\" data-id=\"0689fe0\" data-element_type=\"column\" data-e-type=\"column\">\n\t\t\t<div class=\"elementor-widget-wrap elementor-element-populated\">\n\t\t\t\t\t\t<div class=\"elementor-element elementor-element-b4bbb9f elementor-position-top elementor-widget elementor-widget-image-box\" data-id=\"b4bbb9f\" data-element_type=\"widget\" data-e-type=\"widget\" data-widget_type=\"image-box.default\">\n\t\t\t\t<div class=\"elementor-widget-container\">\n\t\t\t\t\t<div class=\"elementor-image-box-wrapper\"><figure class=\"elementor-image-box-img\"><a href=\"https:\/\/servitotal.com\/costarica\/centro-de-soluciones\/\" tabindex=\"-1\"><img decoding=\"async\" width=\"105\" height=\"105\" src=\"https:\/\/servitotal.com\/costarica\/wp-content\/uploads\/sites\/14\/2019\/02\/item-1.png\" class=\"attachment-full size-full wp-image-4157\" alt=\"\" \/><\/a><\/figure><div class=\"elementor-image-box-content\"><h3 class=\"elementor-image-box-title\"><a href=\"https:\/\/servitotal.com\/costarica\/centro-de-soluciones\/\">Aprend\u00e9 c\u00f3mo cuidar tus art\u00edculos<\/a><\/h3><\/div><\/div>\t\t\t\t<\/div>\n\t\t\t\t<\/div>\n\t\t\t\t\t<\/div>\n\t\t<\/div>\n\t\t\t\t\t<\/div>\n\t\t<\/section>\n\t\t\t\t\t<\/div>\n\t\t<\/div>\n\t\t\t\t\t<\/div>\n\t\t<\/section>\n\t\t\t\t<section class=\"elementor-section elementor-top-section elementor-element elementor-element-9cddbaf elementor-section-boxed elementor-section-height-default elementor-section-height-default\" data-id=\"9cddbaf\" data-element_type=\"section\" data-e-type=\"section\" data-settings=\"{&quot;background_background&quot;:&quot;gradient&quot;}\">\n\t\t\t\t\t\t<div class=\"elementor-container elementor-column-gap-default\">\n\t\t\t\t\t<div class=\"elementor-column elementor-col-100 elementor-top-column elementor-element elementor-element-95101ce\" data-id=\"95101ce\" data-element_type=\"column\" data-e-type=\"column\">\n\t\t\t<div class=\"elementor-widget-wrap elementor-element-populated\">\n\t\t\t\t\t\t<section class=\"elementor-section elementor-inner-section elementor-element elementor-element-b43a097 elementor-section-boxed elementor-section-height-default elementor-section-height-default\" data-id=\"b43a097\" data-element_type=\"section\" data-e-type=\"section\">\n\t\t\t\t\t\t<div class=\"elementor-container elementor-column-gap-default\">\n\t\t\t\t\t<div class=\"elementor-column elementor-col-50 elementor-inner-column elementor-element elementor-element-12161d9\" data-id=\"12161d9\" data-element_type=\"column\" data-e-type=\"column\">\n\t\t\t<div class=\"elementor-widget-wrap elementor-element-populated\">\n\t\t\t\t\t\t<div class=\"elementor-element elementor-element-1a1f798 elementor-position-top elementor-widget elementor-widget-image-box\" data-id=\"1a1f798\" data-element_type=\"widget\" data-e-type=\"widget\" data-widget_type=\"image-box.default\">\n\t\t\t\t<div class=\"elementor-widget-container\">\n\t\t\t\t\t<div class=\"elementor-image-box-wrapper\"><figure class=\"elementor-image-box-img\"><a href=\"https:\/\/servitotal.com\/costarica\/ubicaciones\/\" tabindex=\"-1\"><img fetchpriority=\"high\" decoding=\"async\" width=\"400\" height=\"218\" src=\"https:\/\/servitotal.com\/costarica\/wp-content\/uploads\/sites\/14\/2019\/03\/mapa.jpg\" class=\"attachment-vinkmag-small size-vinkmag-small wp-image-4809\" alt=\"\" srcset=\"https:\/\/servitotal.com\/costarica\/wp-content\/uploads\/sites\/14\/2019\/03\/mapa.jpg 400w, https:\/\/servitotal.com\/costarica\/wp-content\/uploads\/sites\/14\/2019\/03\/mapa-300x164.jpg 300w\" sizes=\"(max-width: 400px) 100vw, 400px\" \/><\/a><\/figure><div class=\"elementor-image-box-content\"><h3 class=\"elementor-image-box-title\"><a href=\"https:\/\/servitotal.com\/costarica\/ubicaciones\/\">ENCONTR\u00c1 TU CENTRO DE SERVICIO<\/a><\/h3><\/div><\/div>\t\t\t\t<\/div>\n\t\t\t\t<\/div>\n\t\t\t\t\t<\/div>\n\t\t<\/div>\n\t\t\t\t<div class=\"elementor-column elementor-col-50 elementor-inner-column elementor-element elementor-element-b60ca19\" data-id=\"b60ca19\" data-element_type=\"column\" data-e-type=\"column\">\n\t\t\t<div class=\"elementor-widget-wrap elementor-element-populated\">\n\t\t\t\t\t\t<div class=\"elementor-element elementor-element-81249da elementor-position-top elementor-widget elementor-widget-image-box\" data-id=\"81249da\" data-element_type=\"widget\" data-e-type=\"widget\" data-widget_type=\"image-box.default\">\n\t\t\t\t<div class=\"elementor-widget-container\">\n\t\t\t\t\t<div class=\"elementor-image-box-wrapper\"><figure class=\"elementor-image-box-img\"><a href=\"https:\/\/servitotal.com\/costarica\/atencion-al-cliente\/\" tabindex=\"-1\"><img loading=\"lazy\" decoding=\"async\" width=\"400\" height=\"218\" src=\"https:\/\/servitotal.com\/costarica\/wp-content\/uploads\/sites\/14\/2019\/03\/callus.jpg\" class=\"attachment-full size-full wp-image-4808\" alt=\"\" srcset=\"https:\/\/servitotal.com\/costarica\/wp-content\/uploads\/sites\/14\/2019\/03\/callus.jpg 400w, https:\/\/servitotal.com\/costarica\/wp-content\/uploads\/sites\/14\/2019\/03\/callus-300x164.jpg 300w\" sizes=\"(max-width: 400px) 100vw, 400px\" \/><\/a><\/figure><div class=\"elementor-image-box-content\"><h3 class=\"elementor-image-box-title\"><a href=\"https:\/\/servitotal.com\/costarica\/atencion-al-cliente\/\">CONTACTANOS<\/a><\/h3><\/div><\/div>\t\t\t\t<\/div>\n\t\t\t\t<\/div>\n\t\t\t\t\t<\/div>\n\t\t<\/div>\n\t\t\t\t\t<\/div>\n\t\t<\/section>\n\t\t\t\t\t<\/div>\n\t\t<\/div>\n\t\t\t\t\t<\/div>\n\t\t<\/section>\n\t\t\t\t<section class=\"elementor-section elementor-top-section elementor-element elementor-element-a46fc4c elementor-section-boxed elementor-section-height-default elementor-section-height-default\" data-id=\"a46fc4c\" data-element_type=\"section\" data-e-type=\"section\">\n\t\t\t\t\t\t<div class=\"elementor-container elementor-column-gap-default\">\n\t\t\t\t\t<div class=\"elementor-column elementor-col-100 elementor-top-column elementor-element elementor-element-d7d5203\" data-id=\"d7d5203\" data-element_type=\"column\" data-e-type=\"column\">\n\t\t\t<div class=\"elementor-widget-wrap elementor-element-populated\">\n\t\t\t\t\t\t<div class=\"elementor-element elementor-element-180608d elementor-widget elementor-widget-heading\" data-id=\"180608d\" data-element_type=\"widget\" data-e-type=\"widget\" data-widget_type=\"heading.default\">\n\t\t\t\t<div class=\"elementor-widget-container\">\n\t\t\t\t\t<h2 class=\"elementor-heading-title elementor-size-default\">CENTRO VIRTUAL DE SOLUCIONES<\/h2>\t\t\t\t<\/div>\n\t\t\t\t<\/div>\n\t\t\t\t\t<\/div>\n\t\t<\/div>\n\t\t\t\t\t<\/div>\n\t\t<\/section>\n\t\t\t\t<section class=\"elementor-section elementor-top-section elementor-element elementor-element-69d7262 elementor-section-boxed elementor-section-height-default elementor-section-height-default\" data-id=\"69d7262\" data-element_type=\"section\" data-e-type=\"section\">\n\t\t\t\t\t\t<div class=\"elementor-container elementor-column-gap-default\">\n\t\t\t\t\t<div class=\"elementor-column elementor-col-100 elementor-top-column elementor-element elementor-element-5371ca3\" data-id=\"5371ca3\" data-element_type=\"column\" data-e-type=\"column\">\n\t\t\t<div class=\"elementor-widget-wrap elementor-element-populated\">\n\t\t\t\t\t\t<div class=\"elementor-element elementor-element-03b7d47 elementor-posts--align-center elementor-grid-3 elementor-grid-tablet-2 elementor-grid-mobile-1 elementor-posts--thumbnail-top elementor-card-shadow-yes elementor-posts__hover-gradient elementor-widget elementor-widget-posts\" data-id=\"03b7d47\" data-element_type=\"widget\" data-e-type=\"widget\" data-settings=\"{&quot;pagination_type&quot;:&quot;numbers&quot;,&quot;cards_columns&quot;:&quot;3&quot;,&quot;cards_columns_tablet&quot;:&quot;2&quot;,&quot;cards_columns_mobile&quot;:&quot;1&quot;,&quot;cards_row_gap&quot;:{&quot;unit&quot;:&quot;px&quot;,&quot;size&quot;:35,&quot;sizes&quot;:[]},&quot;cards_row_gap_tablet&quot;:{&quot;unit&quot;:&quot;px&quot;,&quot;size&quot;:&quot;&quot;,&quot;sizes&quot;:[]},&quot;cards_row_gap_mobile&quot;:{&quot;unit&quot;:&quot;px&quot;,&quot;size&quot;:&quot;&quot;,&quot;sizes&quot;:[]}}\" data-widget_type=\"posts.cards\">\n\t\t\t\t<div class=\"elementor-widget-container\">\n\t\t\t\t\t\t\t<div class=\"elementor-posts-container elementor-posts elementor-posts--skin-cards elementor-grid\" role=\"list\">\n\t\t\t\t<article class=\"elementor-post elementor-grid-item post-5848 post type-post status-publish format-standard has-post-thumbnail hentry category-refrigerador\" role=\"listitem\">\n\t\t\t<div class=\"elementor-post__card\">\n\t\t\t\t<a class=\"elementor-post__thumbnail__link\" href=\"https:\/\/servitotal.com\/costarica\/reemplaza-tu-filtro-de-agua\/\" tabindex=\"-1\" ><div class=\"elementor-post__thumbnail\"><img loading=\"lazy\" decoding=\"async\" width=\"523\" height=\"290\" src=\"https:\/\/servitotal.com\/costarica\/wp-content\/uploads\/sites\/14\/2019\/05\/nuevo-refrigerador.png\" class=\"attachment-full size-full wp-image-5100\" alt=\"\" srcset=\"https:\/\/servitotal.com\/costarica\/wp-content\/uploads\/sites\/14\/2019\/05\/nuevo-refrigerador.png 523w, https:\/\/servitotal.com\/costarica\/wp-content\/uploads\/sites\/14\/2019\/05\/nuevo-refrigerador-300x166.png 300w\" sizes=\"(max-width: 523px) 100vw, 523px\" \/><\/div><\/a>\n\t\t\t\t<div class=\"elementor-post__badge\">Refrigerador<\/div>\n\t\t\t\t<div class=\"elementor-post__text\">\n\t\t\t\t<h3 class=\"elementor-post__title\">\n\t\t\t<a href=\"https:\/\/servitotal.com\/costarica\/reemplaza-tu-filtro-de-agua\/\" >\n\t\t\t\tReemplaza tu filtro de agua\u200b\t\t\t<\/a>\n\t\t<\/h3>\n\t\t\t\t<div class=\"elementor-post__excerpt\">\n\t\t\t<p>Reemplaza tu filtro de agua Obt\u00e9n siempre agua fresca siguiendo estos consejos https:\/\/vimeo.com\/478657031 VER M\u00c1S<\/p>\n\t\t<\/div>\n\t\t\t\t<\/div>\n\t\t\t\t<div class=\"elementor-post__meta-data\">\n\t\t\t\t\t<span class=\"elementor-post-date\">\n\t\t\t15 diciembre, 2020\t\t<\/span>\n\t\t\t\t<\/div>\n\t\t\t\t\t<\/div>\n\t\t<\/article>\n\t\t\t\t<article class=\"elementor-post elementor-grid-item post-5719 post type-post status-publish format-standard has-post-thumbnail hentry category-lavadoras\" role=\"listitem\">\n\t\t\t<div class=\"elementor-post__card\">\n\t\t\t\t<a class=\"elementor-post__thumbnail__link\" href=\"https:\/\/servitotal.com\/costarica\/instala-tu-lavadora\/\" tabindex=\"-1\" ><div class=\"elementor-post__thumbnail\"><img loading=\"lazy\" decoding=\"async\" width=\"598\" height=\"333\" src=\"https:\/\/servitotal.com\/costarica\/wp-content\/uploads\/sites\/14\/2020\/07\/lavadoras-1.jpg\" class=\"attachment-full size-full wp-image-5726\" alt=\"\" srcset=\"https:\/\/servitotal.com\/costarica\/wp-content\/uploads\/sites\/14\/2020\/07\/lavadoras-1.jpg 598w, https:\/\/servitotal.com\/costarica\/wp-content\/uploads\/sites\/14\/2020\/07\/lavadoras-1-300x167.jpg 300w\" sizes=\"(max-width: 598px) 100vw, 598px\" \/><\/div><\/a>\n\t\t\t\t<div class=\"elementor-post__badge\">Lavadoras<\/div>\n\t\t\t\t<div class=\"elementor-post__text\">\n\t\t\t\t<h3 class=\"elementor-post__title\">\n\t\t\t<a href=\"https:\/\/servitotal.com\/costarica\/instala-tu-lavadora\/\" >\n\t\t\t\tInstal\u00e1 tu lavadora\t\t\t<\/a>\n\t\t<\/h3>\n\t\t\t\t<div class=\"elementor-post__excerpt\">\n\t\t\t<p>\u00a1Instal\u00e1 tu lavadora! \u00a1Instalar tu lavadora es facil siguendo estos consejos!&nbsp; VER M\u00c1S<\/p>\n\t\t<\/div>\n\t\t\t\t<\/div>\n\t\t\t\t<div class=\"elementor-post__meta-data\">\n\t\t\t\t\t<span class=\"elementor-post-date\">\n\t\t\t3 julio, 2020\t\t<\/span>\n\t\t\t\t<\/div>\n\t\t\t\t\t<\/div>\n\t\t<\/article>\n\t\t\t\t<article class=\"elementor-post elementor-grid-item post-5619 post type-post status-publish format-standard has-post-thumbnail hentry category-pantallas\" role=\"listitem\">\n\t\t\t<div class=\"elementor-post__card\">\n\t\t\t\t<a class=\"elementor-post__thumbnail__link\" href=\"https:\/\/servitotal.com\/costarica\/instala-tu-pantalla\/\" tabindex=\"-1\" ><div class=\"elementor-post__thumbnail\"><img loading=\"lazy\" decoding=\"async\" width=\"503\" height=\"238\" src=\"https:\/\/servitotal.com\/costarica\/wp-content\/uploads\/sites\/14\/2020\/05\/2020-05-07_1616.png\" class=\"attachment-full size-full wp-image-5623\" alt=\"\" srcset=\"https:\/\/servitotal.com\/costarica\/wp-content\/uploads\/sites\/14\/2020\/05\/2020-05-07_1616.png 503w, https:\/\/servitotal.com\/costarica\/wp-content\/uploads\/sites\/14\/2020\/05\/2020-05-07_1616-300x142.png 300w\" sizes=\"(max-width: 503px) 100vw, 503px\" \/><\/div><\/a>\n\t\t\t\t<div class=\"elementor-post__badge\">Pantallas<\/div>\n\t\t\t\t<div class=\"elementor-post__text\">\n\t\t\t\t<h3 class=\"elementor-post__title\">\n\t\t\t<a href=\"https:\/\/servitotal.com\/costarica\/instala-tu-pantalla\/\" >\n\t\t\t\tInstal\u00e1 tu pantalla\t\t\t<\/a>\n\t\t<\/h3>\n\t\t\t\t<div class=\"elementor-post__excerpt\">\n\t\t\t<p>Instal\u00e1 tu pantalla Instalar tu pantalla es f\u00e1cil cuando sigues estos sencillos pasos que te compartimos en ServiTotal.&nbsp; VER M\u00c1S<\/p>\n\t\t<\/div>\n\t\t\t\t<\/div>\n\t\t\t\t<div class=\"elementor-post__meta-data\">\n\t\t\t\t\t<span class=\"elementor-post-date\">\n\t\t\t8 mayo, 2020\t\t<\/span>\n\t\t\t\t<\/div>\n\t\t\t\t\t<\/div>\n\t\t<\/article>\n\t\t\t\t<article class=\"elementor-post elementor-grid-item post-5605 post type-post status-publish format-standard has-post-thumbnail hentry category-refrigerador\" role=\"listitem\">\n\t\t\t<div class=\"elementor-post__card\">\n\t\t\t\t<a class=\"elementor-post__thumbnail__link\" href=\"https:\/\/servitotal.com\/costarica\/instala-tu-refri\/\" tabindex=\"-1\" ><div class=\"elementor-post__thumbnail\"><img loading=\"lazy\" decoding=\"async\" width=\"493\" height=\"287\" src=\"https:\/\/servitotal.com\/costarica\/wp-content\/uploads\/sites\/14\/2020\/05\/regris.jpg\" class=\"attachment-full size-full wp-image-5611\" alt=\"\" srcset=\"https:\/\/servitotal.com\/costarica\/wp-content\/uploads\/sites\/14\/2020\/05\/regris.jpg 493w, https:\/\/servitotal.com\/costarica\/wp-content\/uploads\/sites\/14\/2020\/05\/regris-300x175.jpg 300w\" sizes=\"(max-width: 493px) 100vw, 493px\" \/><\/div><\/a>\n\t\t\t\t<div class=\"elementor-post__badge\">Refrigerador<\/div>\n\t\t\t\t<div class=\"elementor-post__text\">\n\t\t\t\t<h3 class=\"elementor-post__title\">\n\t\t\t<a href=\"https:\/\/servitotal.com\/costarica\/instala-tu-refri\/\" >\n\t\t\t\tInstal\u00e1 tu refrigeradora\t\t\t<\/a>\n\t\t<\/h3>\n\t\t\t\t<div class=\"elementor-post__excerpt\">\n\t\t\t<p>Instal\u00e1 tu refrigeradora Instalar tu refri es f\u00e1cil cuando sigues estos sencillos pasos que te compartimos en ServiTotal.&nbsp; VER M\u00c1S<\/p>\n\t\t<\/div>\n\t\t\t\t<\/div>\n\t\t\t\t<div class=\"elementor-post__meta-data\">\n\t\t\t\t\t<span class=\"elementor-post-date\">\n\t\t\t4 mayo, 2020\t\t<\/span>\n\t\t\t\t<\/div>\n\t\t\t\t\t<\/div>\n\t\t<\/article>\n\t\t\t\t<article class=\"elementor-post elementor-grid-item post-5493 post type-post status-publish format-standard has-post-thumbnail hentry category-smartphones\" role=\"listitem\">\n\t\t\t<div class=\"elementor-post__card\">\n\t\t\t\t<a class=\"elementor-post__thumbnail__link\" href=\"https:\/\/servitotal.com\/costarica\/nuevo-telefono-detenete-un-momento\/\" tabindex=\"-1\" ><div class=\"elementor-post__thumbnail\"><img loading=\"lazy\" decoding=\"async\" width=\"700\" height=\"400\" src=\"https:\/\/servitotal.com\/costarica\/wp-content\/uploads\/sites\/14\/2020\/02\/imagen-smartphone-destacada.jpg\" class=\"attachment-full size-full wp-image-5482\" alt=\"\" srcset=\"https:\/\/servitotal.com\/costarica\/wp-content\/uploads\/sites\/14\/2020\/02\/imagen-smartphone-destacada.jpg 700w, https:\/\/servitotal.com\/costarica\/wp-content\/uploads\/sites\/14\/2020\/02\/imagen-smartphone-destacada-300x171.jpg 300w\" sizes=\"(max-width: 700px) 100vw, 700px\" \/><\/div><\/a>\n\t\t\t\t<div class=\"elementor-post__badge\">Smartphones<\/div>\n\t\t\t\t<div class=\"elementor-post__text\">\n\t\t\t\t<h3 class=\"elementor-post__title\">\n\t\t\t<a href=\"https:\/\/servitotal.com\/costarica\/nuevo-telefono-detenete-un-momento\/\" >\n\t\t\t\t\u00bfNuevo Tel\u00e9fono? Detenete un momento\t\t\t<\/a>\n\t\t<\/h3>\n\t\t\t\t<div class=\"elementor-post__excerpt\">\n\t\t\t<p>\u00bfNuevo Tel\u00e9fono? Detenete un momento Es emocionante estrenar tel\u00e9fono \u00bfVerdad?. Antes de que empec\u00e9s a sacarle jugo a esos pixeles, mir\u00e1 este video y aprend\u00e9<\/p>\n\t\t<\/div>\n\t\t\t\t<\/div>\n\t\t\t\t<div class=\"elementor-post__meta-data\">\n\t\t\t\t\t<span class=\"elementor-post-date\">\n\t\t\t20 febrero, 2020\t\t<\/span>\n\t\t\t\t<\/div>\n\t\t\t\t\t<\/div>\n\t\t<\/article>\n\t\t\t\t<article class=\"elementor-post elementor-grid-item post-5456 post type-post status-publish format-standard has-post-thumbnail hentry category-lavadoras category-mastertips\" role=\"listitem\">\n\t\t\t<div class=\"elementor-post__card\">\n\t\t\t\t<a class=\"elementor-post__thumbnail__link\" href=\"https:\/\/servitotal.com\/costarica\/tips-de-limpieza-para-tu-lavadora\/\" tabindex=\"-1\" ><div class=\"elementor-post__thumbnail\"><img loading=\"lazy\" decoding=\"async\" width=\"700\" height=\"400\" src=\"https:\/\/servitotal.com\/costarica\/wp-content\/uploads\/sites\/14\/2019\/12\/lavadora-1.jpg\" class=\"attachment-full size-full wp-image-5754\" alt=\"\" srcset=\"https:\/\/servitotal.com\/costarica\/wp-content\/uploads\/sites\/14\/2019\/12\/lavadora-1.jpg 700w, https:\/\/servitotal.com\/costarica\/wp-content\/uploads\/sites\/14\/2019\/12\/lavadora-1-300x171.jpg 300w\" sizes=\"(max-width: 700px) 100vw, 700px\" \/><\/div><\/a>\n\t\t\t\t<div class=\"elementor-post__badge\">Lavadoras<\/div>\n\t\t\t\t<div class=\"elementor-post__text\">\n\t\t\t\t<h3 class=\"elementor-post__title\">\n\t\t\t<a href=\"https:\/\/servitotal.com\/costarica\/tips-de-limpieza-para-tu-lavadora\/\" >\n\t\t\t\tTips de limpieza para tu lavadora\t\t\t<\/a>\n\t\t<\/h3>\n\t\t\t\t<div class=\"elementor-post__excerpt\">\n\t\t\t<p>mastertip TIPS DE LIMPIEZA PARA TU LAVADORA 1. Vaciar la lavadora. 2. Fije la lavadora en el ciclo de mayor carga con agua caliente, no<\/p>\n\t\t<\/div>\n\t\t\t\t<\/div>\n\t\t\t\t<div class=\"elementor-post__meta-data\">\n\t\t\t\t\t<span class=\"elementor-post-date\">\n\t\t\t20 diciembre, 2019\t\t<\/span>\n\t\t\t\t<\/div>\n\t\t\t\t\t<\/div>\n\t\t<\/article>\n\t\t\t\t<\/div>\n\t\t\n\t\t\t\t<div class=\"e-load-more-anchor\" data-page=\"1\" data-max-page=\"4\" data-next-page=\"https:\/\/servitotal.com\/costarica\/wp-json\/wp\/v2\/pages\/1617\/page\/2\/\"><\/div>\n\t\t\t\t<nav class=\"elementor-pagination\" aria-label=\"Paginaci\u00f3n\">\n\t\t\t<span aria-current=\"page\" class=\"page-numbers current\"><span class=\"elementor-screen-only\">P\u00e1gina<\/span>1<\/span>\n<a class=\"page-numbers\" href=\"https:\/\/servitotal.com\/costarica\/wp-json\/wp\/v2\/pages\/1617\/page\/2\/\"><span class=\"elementor-screen-only\">P\u00e1gina<\/span>2<\/a>\n<a class=\"page-numbers\" href=\"https:\/\/servitotal.com\/costarica\/wp-json\/wp\/v2\/pages\/1617\/page\/3\/\"><span class=\"elementor-screen-only\">P\u00e1gina<\/span>3<\/a>\t\t<\/nav>\n\t\t\t\t\t\t<\/div>\n\t\t\t\t<\/div>\n\t\t\t\t\t<\/div>\n\t\t<\/div>\n\t\t\t\t\t<\/div>\n\t\t<\/section>\n\t\t\t\t<section class=\"elementor-section elementor-top-section elementor-element elementor-element-eb4cc8d elementor-section-boxed elementor-section-height-default elementor-section-height-default\" data-id=\"eb4cc8d\" data-element_type=\"section\" data-e-type=\"section\">\n\t\t\t\t\t\t<div class=\"elementor-container elementor-column-gap-default\">\n\t\t\t\t\t<div class=\"elementor-column elementor-col-100 elementor-top-column elementor-element elementor-element-5225dfb\" data-id=\"5225dfb\" data-element_type=\"column\" data-e-type=\"column\">\n\t\t\t<div class=\"elementor-widget-wrap elementor-element-populated\">\n\t\t\t\t\t\t<div class=\"elementor-element elementor-element-e94ef4a elementor-align-center elementor-widget elementor-widget-button\" data-id=\"e94ef4a\" data-element_type=\"widget\" data-e-type=\"widget\" data-widget_type=\"button.default\">\n\t\t\t\t<div class=\"elementor-widget-container\">\n\t\t\t\t\t\t\t\t\t<div class=\"elementor-button-wrapper\">\n\t\t\t\t\t<a class=\"elementor-button elementor-button-link elementor-size-sm\" href=\"https:\/\/servitotal.com\/costarica\/centro-de-soluciones\/\">\n\t\t\t\t\t\t<span class=\"elementor-button-content-wrapper\">\n\t\t\t\t\t\t\t\t\t<span class=\"elementor-button-text\">VER M\u00c1S<\/span>\n\t\t\t\t\t<\/span>\n\t\t\t\t\t<\/a>\n\t\t\t\t<\/div>\n\t\t\t\t\t\t\t\t<\/div>\n\t\t\t\t<\/div>\n\t\t\t\t\t<\/div>\n\t\t<\/div>\n\t\t\t\t\t<\/div>\n\t\t<\/section>\n\t\t\t\t<\/div>\n\t\t","protected":false},"excerpt":{"rendered":"<p>Encontr\u00e1 repuestos originales Aprend\u00e9 c\u00f3mo cuidar tus art\u00edculos ENCONTR\u00c1 TU CENTRO DE SERVICIO CONTACTANOS CENTRO VIRTUAL DE SOLUCIONES VER M\u00c1S<\/p>\n","protected":false},"author":1,"featured_media":0,"parent":0,"menu_order":0,"comment_status":"closed","ping_status":"closed","template":"elementor_header_footer","meta":{"footnotes":""},"class_list":["post-1617","page","type-page","status-publish","hentry"],"_links":{"self":[{"href":"https:\/\/servitotal.com\/costarica\/wp-json\/wp\/v2\/pages\/1617","targetHints":{"allow":["GET"]}}],"collection":[{"href":"https:\/\/servitotal.com\/costarica\/wp-json\/wp\/v2\/pages"}],"about":[{"href":"https:\/\/servitotal.com\/costarica\/wp-json\/wp\/v2\/types\/page"}],"author":[{"embeddable":true,"href":"https:\/\/servitotal.com\/costarica\/wp-json\/wp\/v2\/users\/1"}],"replies":[{"embeddable":true,"href":"https:\/\/servitotal.com\/costarica\/wp-json\/wp\/v2\/comments?post=1617"}],"version-history":[{"count":93,"href":"https:\/\/servitotal.com\/costarica\/wp-json\/wp\/v2\/pages\/1617\/revisions"}],"predecessor-version":[{"id":8239,"href":"https:\/\/servitotal.com\/costarica\/wp-json\/wp\/v2\/pages\/1617\/revisions\/8239"}],"wp:attachment":[{"href":"https:\/\/servitotal.com\/costarica\/wp-json\/wp\/v2\/media?parent=1617"}],"curies":[{"name":"wp","href":"https:\/\/api.w.org\/{rel}","templated":true}]}}